y(c) = 18*c**2 - 2*c + 1. Determine y(l).
17
Let a(u) be the second derivative of -u**4/12 + 2*u**3/3 - u**2/2 - 49*u. Let o(n) = -n**3 - 7*n**2 - 2*n - 10. Let p be o(-7). Let b = 10 - p. Give a(b).
-13
Let v(c) = 0 + 3 + 1 + c**2 - 2*c - 8. Give v(5).
11
Suppose 23*u - 36 = 19*u. Let a(s) = 5*s**2 - 3*s - 5 - 7*s - 4*s**2. Give a(u).
-14
Let n(w) = -1 - 7*w**2 - 974*w**3 + 973*w**3 + 5 - w**2 - 6*w. What is n(-7)?
-3
Let h be (-10)/2*(0 + -1). Let x(i) = -267*i + 4 - 275*i + 540*i. Give x(h).
-6
Let v(l) = -9*l + 0*l**2 + 13*l - 7 + l**2 + 0. What is v(-5)?
-2
Let j(x) = 2*x**3 + 3*x**2 + 2*x - 2. Let f(r) = -r**2 + 80*r + 333. Let z be f(-4). What is j(z)?
-35
Let u(j) be the third derivative of 0 + 1/6*j**3 - 1/6*j**4 - 25*j**2 + 0*j. Determine u(1).
-3
Let f(q) = -q**3 + 6*q**2 + 6*q - 7. Let x = -157 + 163. Calculate f(x).
29
Suppose -5*b - 37*w + 35*w = 4, w + 2 = 3*b. Let m(n) = n - 21. Give m(b).
-21
Let z(h) be the first derivative of 9*h**4/4 + h**3/3 - h**2/2 - h - 524. Suppose 0 = 2*j - 6 - 4. Let u(x) = -x + 4. Let k be u(j). Determine z(k).
-8
Let x(m) be the third derivative of m**7/5040 - m**6/360 + 7*m**5/20 - 41*m**2. Let d(f) be the third derivative of x(f). Determine d(-3).
-5
Let x(y) = -2*y**2 - 2*y. Let k = -9 + 5. Let f = k - 23. Let q = f + 25. Calculate x(q).
-4
Let i be ((-2)/(-6))/((-7)/(-42)). Let f(t) = -t**i - 2*t**2 + 1 - 28*t + 30*t. Let g be ((-5)/10)/(1/(-4)). What is f(g)?
-7
Let x(t) = -1933*t + t**3 + 7 + 9*t**3 - t**2 - 8 + 1931*t. Calculate x(-1).
-10
Let f(a) = a**3 - 10*a**2 + 19*a - 18. Let k(x) = 2*x**2 + x. Let z(s) = f(s) - 3*k(s). Calculate z(15).
-3
Let p(f) = 57*f**2 - 4*f + 4. Let z be p(2). Let g(u) = u**3 + 29 + z*u - 2 - 225*u. What is g(0)?
27
Let n(k) = -8*k**2 - 2309*k + 2301*k + 0*k**2 + 3 + k**3 + 4. Give n(9).
16
Let x(k) = k + 1 + k**3 + 2*k + 4 + 4*k**2. Let w be 6/(-4)*(-392)/(-147). What is x(w)?
-7
Let r(k) = 1169*k + k**2 - 1 - 2 - 1171*k. Give r(3).
0
Let a be ((-84)/(-147))/((-1)/7*-1). Let o(v) = v**2 - v - 5. Give o(a).
7
Let j(o) = -119496*o + 14 + 15 + 119491*o. Calculate j(5).
4
Let a(z) = z**3 + 6*z**2 + z + 1. Suppose 4*r - 4 = -3*c, -9 = -3*c - 5*r - 4. Suppose c = 2*d - 10. Suppose -d*v - 45 = 3*q, -q - 2*q = 15. Determine a(v).
-5
Let f = 88 - 94. Let v(b) = 5*b + 1. Determine v(f).
-29
Let f(y) be the third derivative of -y**4/24 - 5*y**3/3 - 59*y**2. What is f(-4)?
-6
Let u = -275 + 276. Let y(b) = -b**3 + 3*b**2 - b - 1. What is y(u)?
0
Let i(z) = 4*z - 25. Let h(g) = g - 6. Let b(d) = -9*h(d) + 2*i(d). Suppose 4*r - r = 9. Suppose 8 + 7 = r*f. Give b(f).
-1
Let r = 1444 + -1441. Let m(s) = 2*s - 2. Let i(o) = -o + 1. Let z(a) = 5*i(a) + 4*m(a). Calculate z(r).
6
Let z(b) be the third derivative of -1/6*b**3 - 1/24*b**4 + 0 + 0*b - 7*b**2. What is z(2)?
-3
Let z(v) = -6*v - 2. Let u be 3 + (-3 - 2 - 1). What is z(u)?
16
Let q(c) = 239 + 246 + 3*c - 499. Determine q(11).
19
Let f(q) = -5*q - 42. Let p be f(-8). Let z(a) = a**2 + 3*a + 2. Calculate z(p).
0
Suppose 12 = -7*r - 9. Let h(f) be the third derivative of 0 + 0*f - 2/3*f**3 + f**2 - 1/120*f**6 - 1/15*f**5 - 1/6*f**4. Calculate h(r).
-1
Let q(y) = -1 - 8*y**3 - y**3 + y**2 + y**2 - 2*y - 4*y**2. Suppose i + 3*b - 14 = 0, -b + 2*b = -3*i + 18. Suppose -2*c + 3 = i. Determine q(c).
8
Let j(n) = -n**3 + 5*n**2 + 6*n + 6. Suppose -3*k = c - 21, 5*k - c = -6*c + 45. Let z be 90/27*k/(-4). Let x be (-2)/z - 420/(-75). Determine j(x).
6
Let r be -1 + 3 + 2 + 0. Let p be (-15)/5*r/3. Let d(l) = -6*l**2 - 11*l - 6. Let g(j) = -7*j**2 - 12*j - 6. Let a(b) = -6*d(b) + 5*g(b). Determine a(p).
-2
Let h(s) = 27*s. Let f(a) = -a. Suppose -3*z - 3 + 12 = 0. Let j(k) = z*h(k) + 72*f(k). Suppose g + 2 = -0, -2*n = -5*g - 12. Give j(n).
9
Let a(i) be the first derivative of -i**4/4 + 16*i**3/3 + 8*i**2 + 28*i - 230. Calculate a(17).
11
Suppose 0 = -y, -5*k - 2*y = -0*y - 10. Suppose 4*v = 5*n + 8, 5*v + 20 = -k*n - 3. Let h(p) = p**3 + 4*p**2 - p - 4. Calculate h(n).
0
Let w(a) = -a**2 - 9*a - 8. Let g(h) = h**3 + 16*h**2 - 2*h - 34. Let z be g(-16). Let l be -6 - (-14 - z)/(-6). Determine w(l).
0
Let s = 2662 - 2668. Let h(z) = -17*z - 8. Let l(t) = 4*t + 2. Let k(x) = -2*h(x) - 9*l(x). Determine k(s).
10
Let n(v) = v**3 - 3*v**2. Suppose -6*z - 32 = -2. Let g be z + 0 + (6 - 3). Let b = 0 - g. Determine n(b).
-4
Let d(y) = 12. Let k(w) = w. Let q(n) = d(n) + 2*k(n). What is q(-7)?
-2
Suppose 3*o - 25 + 7 = 0. Let f(i) be the first derivative of -i**3/3 + 2*i**2 + 6*i - 1. Calculate f(o).
-6
Let p be 12/4 - 0/(-1). Let c be p/6 - 20/(-8). Let g(j) = 4*j - 2 - 6*j + j**2 + c*j. Give g(0).
-2
Let p(y) = 8*y**3 + y**2 - y + 1. Let z(a) = a**3 + 7*a**2 + 6*a + 1. Let g be -2 + (8/10)/((-2)/10). Let m be z(g). What is p(m)?
9
Let q(o) = o**2 - 4*o - 8. Let m = -28 - -29. Suppose -13 = -2*j - m. Give q(j).
4
Let g(r) = r**2 + 9*r + 7. Suppose -2*p = -9 - 9. Let m be 1/(-2)*4*p. Let h = 12 + m. Determine g(h).
-11
Let w(f) = 2*f - 9. Suppose -2*s + 2*z + 16 = 0, 0 = 5*s - z + 14 - 50. Calculate w(s).
5
Suppose -3*g = 3*y - 39, -4*g + 4*y - 2*y + 22 = 0. Let s(j) = -3 + 1 + 2*j + g. Calculate s(6).
18
Let r(l) = 14*l + 16. Let x(w) = 5*w + 6. Let j(d) = -3*r(d) + 8*x(d). Let u = 12 + -19. What is j(u)?
14
Let u(s) = 5*s**2 + 19*s + 3. Let z(b) = 3*b**2 - b - 2. Let p(a) = -u(a) + 2*z(a). What is p(22)?
15
Suppose 22 = -5*f - v, 0 = -16*v + 13*v + 9. Let g(r) = r**2 + 4*r - 12. Determine g(f).
-7
Let h(o) = 3*o**2 + 21*o - 13. Let f be 4*1/6 - (-42)/18. Let s(t) = -2*t**2 - 11*t + 6. Let x(z) = f*h(z) + 5*s(z). Give x(6).
3
Let a(g) = -10*g**3 - g**2 - g - 1. Let p(c) = 2*c - 1 + 0 - c. Let m be p(1). Let z be -2 + 1 + m/(-3). What is a(z)?
9
Let f(a) = -2*a + a**2 - 1 - 5*a**2 + 2*a**2. Let j = -37 + 3. Let m = j - -32. What is f(m)?
-5
Let f(p) = 5*p + 7. Suppose 9*g + 6 = -30. Calculate f(g).
-13
Let b be (-1)/4 - 157/(-4). Suppose -532 + 56 = 14*q. Let y = b + q. Let m(u) = -u**3 + 4*u**2 + 4*u + 4. Calculate m(y).
-1
Let b(r) = -r - 7. Suppose 5 = 5*c, 2*q - c - c - 4 = 0. Suppose 0 = -5*x - j - 1, 7*x + 2*j + 2 = q*x. Calculate b(x).
-7
Let s = 415 - 414. Let y(w) be the second derivative of -5*w**3/6 - w**2/2 - w. What is y(s)?
-6
Let t(o) = o**2 - 7*o + 1. Suppose -3*g = 5*s - 45, 2*g - 5*g + 15 = 0. Let x be t(s). Let m(h) = h**3 + 5*h**2 - 2*h - 4. What is m(x)?
6
Suppose 0 = -s + m + 5, s - 2*m - 8 = -2. Suppose 0 = -s*k - l + 24, 2*l = l + 4. Let z(r) = 5*r - 7. Give z(k).
18
Suppose 4*w + 16 = -4*r + 2*r, -16 = 2*r + 5*w. Let k(s) = -s - 15. What is k(r)?
-7
Let r(q) be the third derivative of 5*q**4/24 - 2*q**3/3 + 22*q**2. Let i be r(0). Let t(a) = a**3 + 3*a**2 - a - 4. Calculate t(i).
-16
Let v = 33 - 21. Let z = 11 - v. Let s = z + -4. Let b(r) = r**3 + 5*r**2 - 5. What is b(s)?
-5
Suppose 0 = 3*j + 4*u + 10, -4*j + u - 4 = -3*u. Let t(c) = -2*c**2 - 2*c - 2. Give t(j).
-6
Let i(c) = -12*c**2 + 1. Suppose 2 = -2*s + 6. Suppose -4 = 2*x - y + 2*y, -4*x + 3*y = -s. Calculate i(x).
-11
Let p(w) = 2*w - 7. Let h = -384 + 388. Determine p(h).
1
Suppose 0 + 20 = -5*r. Let p(f) = 59 - 52*f + 27*f - 110 + 30*f + 57. Determine p(r).
-14
Let f be ((-4)/6)/(4/(-42)). Let w(q) = 0*q - q + f*q**2 + 14*q**2 - 24*q**2. Give w(1).
-4
Let z(f) = -2*f - 6. Let p(n) = 4*n + 12. Let h = 12 - 14. Let j(i) = h*p(i) - 5*z(i). Determine j(-5).
-4
Let n(o) be the second derivative of -o**5/60 + o**4/24 - o**3/3 - 4*o. Let b(l) be the second derivative of n(l). What is b(-6)?
13
Let r(h) = h - 1. Let w = 41 - 35. Suppose w*t - 6 = -0. Give r(t).
0
Suppose 2*p - 2 + 6 = 0. Let n = p + 4. Let z(h) = -6*h - 5. Let y(q) = -11*q - 9. Let l(u) = -3*y(u) + 5*z(u). What is l(n)?
8
Let z(p) = p - 2. Let a(s) = -4*s - 1. Let m(k) = -23*k - 5. Let t(x) = 34*a(x) - 6*m(x). Let b(r) = -2*t(r) + 5*z(r). Calculate b(-3).
-5
Let f = -600 - -609. Let u(d) = d**3 - 10*d**2 + 9*d - 5. What is u(f)?
-5
Let t(f) = 3*f + 9. Let g be 0 + (2 - -1 - 5). Let j(n) = -n - 3. Let o(x) = g*t(x) - 7*j(x). Determine o(-5).
-2
Let q = 868 - 855. Let b(m) = m**3 - 14*m**2 + 10*m - 6. Determine b(q).
-45
Let n = -44 + 72. Let q = n - 23. Let r(t) = 2*t - 2. What is r(q)?
8
Let a(u) = 24*u - 7 - 3*u - 17*u - u**2. What is a(3)?
-4
Suppose 2 = -4*y + 2. Let v(k) be the thir